er?
False
Is 8066541001 a prime number?
True
Is 15059464881 a composite number?
True
Is 1047517789 a prime number?
False
Is 184777687 composite?
False
Is 8222124661 a prime number?
False
Is 127406217823 prime?
True
Is 190962007 prime?
False
Is 140329672181 a composite number?
True
Is 749691406457 a composite number?
True
Is 5140687033 prime?
True
Is 3775466659 a composite number?
True
Is 55147994417 prime?
True
Is 32968996169 composite?
True
Is 2132750987 prime?
True
Is 122106951049 a composite number?
False
Is 111400559 composite?
True
Is 10959689369 prime?
True
Is 11078058187 prime?
False
Is 1742849179 prime?
True
Is 144814127 prime?
True
Is 30364171381 a prime number?
False
Is 3134878363 composite?
True
Is 84913561 a prime number?
True
Is 501303109 composite?
False
Is 260316163 a composite number?
True
Is 18227456413 a composite number?
False
Is 6241051097 a composite number?
True
Is 744767711 a composite number?
False
Is 1927919527 prime?
False
Is 38688573082 composite?
True
Is 8175965891 prime?
True
Is 5837185531 composite?
True
Is 21189364421 a composite number?
True
Is 28407063631 composite?
True
Is 987108611 a composite number?
False
Is 1301030579 a prime number?
False
Is 1531861963 a composite number?
False
Is 29179224671 a prime number?
True
Is 3033524873 prime?
True
Is 565204411 prime?
True
Is 1650729277 a composite number?
True
Is 4910625989 prime?
True
Is 310491157 composite?
False
Is 9801374381 a composite number?
True
Is 11000257789 prime?
True
Is 1327877687 prime?
False
Is 942893621 a prime number?
False
Is 243748649 prime?
False
Is 15128867167 prime?
True
Is 2684533441 composite?
False
Is 82808203 prime?
True
Is 239648537 a prime number?
False
Is 4032228301 a prime number?
True
Is 26004726091 prime?
False
Is 159872149903 composite?
False
Is 69889628159 a prime number?
False
Is 3898526771 a prime number?
True
Is 945923411 composite?
False
Is 57010903582 prime?
False
Is 36796841459 composite?
True
Is 1385771927 a composite number?
True
Is 12675046469 composite?
False
Is 6274497323 a composite number?
False
Is 11162293297 a prime number?
False
Is 648982907 a prime number?
True
Is 4299972373 a composite number?
False
Is 483070789 composite?
True
Is 30177097573 a composite number?
True
Is 2987496893 a composite number?
True
Is 473702249 composite?
True
Is 305069987 a composite number?
True
Is 9189182279 prime?
True
Is 6025252229 composite?
False
Is 127448777 composite?
False
Is 1637182097 a prime number?
True
Is 4162316549 a prime number?
True
Is 87221621129 a prime number?
True
Is 1050632263 a composite number?
True
Is 21050953189 prime?
False
Is 7065339353 a prime number?
True
Is 28014796843 composite?
True
Is 1206514213 a composite number?
False
Is 56398037 a composite number?
False
Is 12612157229 composite?
True
Is 8500959703 a composite number?
False
Is 4650970717 a composite number?
False
Is 2802468257 a prime number?
True
Is 3710662871 composite?
True
Is 98685789269 prime?
False
Is 3630161851 prime?
True
Is 3593948443 prime?
False
Is 1829091298 a prime number?
False
Is 546830423 prime?
False
Is 1414751698 composite?
True
Is 1470454163 a prime number?
True
Is 5889406723 prime?
True
Is 49358827165 a composite number?
True
Is 113833451 a prime number?
False
Is 56071282693 a prime number?
True
Is 221098289 a prime number?
True
Is 22965131171 a composite number?
False
Is 29926187407 prime?
True
Is 2836468541 prime?
True
Is 5941827713 a composite number?
True
Is 458425289 a composite number?
True
Is 24939183917 a composite number?
False
Is 108415681321 a prime number?
True
Is 3570614831 prime?
False
Is 21325995923 a prime number?
True
Is 5055503087 prime?
False
Is 39375108853 a composite number?
True
Is 951783197 a composite number?
True
Is 1172834477 composite?
True
Is 1308899447 composite?
False
Is 79183813 a composite number?
True
Is 9716949797 a composite number?
False
Is 14179687801 prime?
False
Is 730663433 composite?
True
Is 138845498611 a prime number?
False
Is 123235939 composite?
False
Is 1285996421 prime?
True
Is 15136285961 a prime number?
True
Is 996197991 a composite number?
True
Is 309216073 prime?
True
Is 6569200717 composite?
True
Is 127583165 a prime number?
False
Is 3424504357 composite?
True
Is 7471108189 a prime number?
True
Is 16598847751 a prime number?
True
Is 15841549271 prime?
True
Is 233661533 a prime number?
False
Is 31480019 a composite number?
False
Is 3587240803 composite?
True
Is 54515182093 a composite number?
False
Is 8248004627 a composite number?
False
Is 3049245673 composite?
False
Is 321384641 a prime number?
False
Is 153691655749 a prime number?
True
Is 57801899089 composite?
True
Is 1142513381 a composite number?
True
Is 3402082529 a composite number?
True
Is 69697669483 a composite number?
True
Is 253942141 prime?
False
Is 39753001723 a prime number?
True
Is 1126473013 a prime number?
False
Is 339058637 a prime number?
True
Is 9840071561 a prime number?
False
Is 975177553 a prime number?
False
Is 36495620237 prime?
False
Is 12195014203 composite?
False
Is 19746296785 prime?
False
Is 90206741 a prime number?
True
Is 62948983 composite?
True
Is 319603481 prime?
True
Is 11564038711 a prime number?
True
Is 3088242361 a composite number?
True
Is 36021229207 composite?
False
Is 12040800977 a prime number?
True
Is 37799427493 prime?
True
Is 7815427447 prime?
True
Is 5236177511 composite?
True
Is 26789636381 a prime number?
False
Is 4727898199 prime?
True
Is 36476564911 composite?
False
Is 770656441 composite?
False
Is 68338027 prime?
False
Is 47149759991 composite?
False
Is 574974079 a prime number?
False
Is 3983010643 a composite number?
True
Is 1148248177 a prime number?
False
Is 121476382439 a composite number?
True
Is 133869727 a composite number?
True
Is 2670084331 composite?
True
Is 1432766717 a prime number?
False
Is 13200413131 a composite number?
False
Is 732900407 prime?
False
Is 4949337201 prime?
False
Is 9527762411 a composite number?
False
Is 3433759313 a composite number?
True
Is 2830983139 prime?
True
Is 12888567553 composite?
False
Is 2552296541 composite?
False
Is 169453531 a composite number?
True
Is 5043700789 a composite number?
True
Is 393387209 composite?
True
Is 25177409 prime?
True
Is 51465995227 a composite number?
True
Is 13954954523 a composite number?
False
Is 15343590071 prime?
True
Is 26550405967 a composite number?
False
Is 547115077 composite?
True
Is 422055391 a prime number?
True
Is 95139051151 a prime number?
True
Is 29737561277 a composite number?
False
Is 895902889 a prime number?
False
Is 16650419713 prime?
False
Is 6686337719 prime?
False
Is 30603678439 a prime number?
True
Is 3130654553 a prime number?
False
Is 1251664391 a prime number?
True
Is 7088898473 a prime number?
True
Is 4395804913 composite?
False
Is 14514452321 prime?
False
Is 1568064811 composite?
False
Is 320365991 composite?
True
Is 1163485097 prime?
False
Is 176311171 a composite number?
True
Is 13340432191 a prime number?
True
Is 10060067573 prime?
True
Is 932089127 a composite number?
True
Is 129697979 prime?
True
Is 1700891447 prime?
True
Is 2810146351 a composite number?
False
Is 69280771181 a prime number?
False
Is 29457110069 a prime number?
False
Is 1133025653 prime?
False
Is 10532712649 composite?
True
Is 351013219 a composite number?
True
Is 48996898217 composite?
False
Is 229190783 prime?
True
Is 2167847719 a composite number?
False
Is 38611255327 prime?
False
Is 341270528257 a composite number?
False
Is 514756453 composite?
False
Is 1721254891 a composite number?
False
Is 60855920747 prime?
False
Is 19894231937 a prime number?
True
Is 341009971 a composite number?
True
Is 7784663 a prime number?
False
Is 15346003769 a prime number?
True
Is 52462528663 composite?
True
Is 7807985639 composite?
True
Is 54615437 composite?
True
Is 81196202459 a composite number?
True
Is 10207495253 prime?
False
Is 906136043 composite?
False
Is 111088659473 composite?
True
Is 541128587 a composite number?
False
Is 7656299566 prime?
False
Is 733783751 a prime number?
True
Is 921813703 a composite number?
False
Is 169006997 prime?
True
Is 201697957 a prime number?
True
Is 2591320703 a prime number?
True
Is 1765221473 composite?
True
Is 34360856273 a prime number?
True
Is 803091163 composite?
True
Is 1